 the prime factors of l(19).
5, 59
Suppose k - 156 = 3*y - 4*k, -2*k = 0. What are the prime factors of ((-12)/(-8))/((-6)/y)?
13
Let b be 21/(-2)*(-3560)/(-15). What are the prime factors of b/(-26) + (-22)/(-143)?
2, 3
Suppose 2*l - 1282 - 922 = 0. Suppose -h - 2*u = -278, h + 2*u = 5*h - l. List the prime factors of h.
2, 3, 23
Let v(y) = 33*y - 30. Let f be v(4). What are the prime factors of f*3/(-18)*-2?
2, 17
Suppose -11*f + 11184 = -410. List the prime factors of f.
2, 17, 31
Suppose 116*h - 7810 = 111*h. What are the prime factors of h?
2, 11, 71
Let y = -5 + 7. Suppose 3*t - t - 3*t = 0. Suppose -2*f - y*r + 5 = f, t = 3*f - r - 11. What are the prime factors of f?
3
List the prime factors of 5394/(-24)*(3 + -7).
29, 31
Let y(v) be the second derivative of v**4/3 - v**3/3 + 11*v**2/2 - 13*v. List the prime factors of y(4).
67
Suppose 5*f - 5*k - 35 = 0, -2*f - 3*k - 17 = -3*f. Suppose -d + 21 = f*d. List the prime factors of d.
7
Suppose 46*q - 49*q = -216. What are the prime factors of q?
2, 3
Suppose -422 = -4*s + 678. What are the prime factors of s?
5, 11
Let v(o) = -63*o - 14. Let i be v(5). Let r = i - -632. What are the prime factors of r?
3, 101
Let q(y) = -2*y**3 - 53*y**2 - 10*y - 11. List the prime factors of q(-27).
2, 13, 19
Let m be 2/(-5) + 54/10. List the prime factors of (2 - (-4 + m)) + 31.
2
Suppose 2*h + 4*c = 3*c + 168, -h + 5*c + 62 = 0. What are the prime factors of h?
2, 41
Suppose 0 = -2*s - 0*s + 3232. Suppose -23*z = -2064 - s. List the prime factors of z.
2, 5
Let h = -140 + 329. Suppose 293 + h = 5*x + 3*s, 0 = -4*x - 3*s + 385. What are the prime factors of x?
97
Suppose 0 = -76*c + 101280 + 16368. What are the prime factors of c?
2, 3, 43
Let u(d) = -138*d - 32. What are the prime factors of u(-15)?
2, 1019
Suppose 0 = 2*j + 5*u - 319, -9*j + 6*j + 501 = 3*u. Let b = j + -29. What are the prime factors of b?
11, 13
Suppose -4*p = 4*r - 483 + 35, 3*p + 2*r = 341. List the prime factors of p.
3, 13
Let o = 61 - 36. Let y be (-10)/o + 13/(-5). What are the prime factors of 52 + (y - (3 + -3))?
7
Suppose 3*i - 3*h = -75, -5*i = -0*h - 4*h + 128. What are the prime factors of i/(-56) - 23*(-6)/4?
5, 7
Let p(q) = -q - 1. Let b be p(-6). Suppose -b*u = 30 - 515. What are the prime factors of u?
97
Let k be 4*13/4*2. Let m(s) = s**3 + 3*s - 3. Let d be m(2). Let h = k - d. What are the prime factors of h?
3, 5
Let p be 525/(-2) + 42/28. Let i = p + 375. What are the prime factors of i?
2, 3, 19
Let v(x) = -2*x - 33. Let k be v(-19). What are the prime factors of 4/(k/((-90)/(-3)))?
2, 3
Let v(q) = 13*q**2 + 22*q - 49. List the prime factors of v(10).
1471
Let w(b) = -b - 3. Let s be w(-7). Suppose 6*c + 2*n + 8 = 3*c, -s*c + 4*n = -16. Suppose -r + c*r = -8. What are the prime factors of r?
2
Suppose 4*h - 3*h = -5*r + 31, -2*h + 37 = 5*r. Suppose 0 = h*l - 641 + 197. List the prime factors of 3 - l/(6/(-3)).
2, 5
Suppose -2*o = 3*j - 30, -4*o + 15*j - 16*j = -70. What are the prime factors of o?
2, 3
Let n be 176 - 1 - (5 + -8). Let i = n - 73. What are the prime factors of i?
3, 5, 7
Let i = 37 - -193. What are the prime factors of i?
2, 5, 23
Let h(z) = 19*z - 58. List the prime factors of h(14).
2, 13
Suppose 3*w + 4 = -w, 6 = 3*n + 3*w. Suppose n*l - h = 160, h = -3*l - 66 + 236. List the prime factors of l.
5, 11
Let z be ((-15)/10 - -4)*2. What are the prime factors of (5/(10/(-596)))/(z - 7)?
149
Let f = -4 - -8. Suppose 0 = -f*d + 5*v - 3*v + 30, -35 = -2*d + 5*v. Let g(m) = m**2 - m + 5. What are the prime factors of g(d)?
5
Suppose -13*d = -23*d + 18640. List the prime factors of d.
2, 233
Suppose 0 = h - 1 - 7. Let t be 8/(-5)*(-20)/h. Suppose -161 + 33 = -t*r. What are the prime factors of r?
2
Let t(s) = -18*s - 1. Let l = -56 - -50. What are the prime factors of t(l)?
107
Let j = 8 + 563. Let q = 817 - j. What are the prime factors of q?
2, 3, 41
Let n(d) = -d**3 + d + 1. Let t(z) = 3*z**3 + 23*z**2 - 23*z + 19. Let m(b) = -2*n(b) - t(b). What are the prime factors of m(-24)?
3, 17
Suppose -5*n + 34 = 169. List the prime factors of (-616)/12*n/18.
7, 11
Suppose 0*k + 2 = -k. Let a be 2*(3 + 7/k). List the prime factors of (2/6)/(a/(-57)).
19
Let c(x) = -53*x**3 - x**2 + x + 1. Let w be c(-1). Suppose 9*z - w = 7*z. What are the prime factors of z?
2, 13
Suppose -15 = -3*u - 3. Suppose -2 = -3*x + 1, -u*x + 62 = 2*w. List the prime factors of w.
29
Suppose 3*l = 3*t, -2 = -3*l + 4*t + 1. Let j = 2 + l. What are the prime factors of 3/6*(55 - j)?
2, 7
Let a be (-1)/3*(-8 - -2). Suppose a*r + 0*r - 80 = 0. Let x = r - 19. What are the prime factors of x?
3, 7
Let g(b) = 8*b + 1. Let w be g(1). Let f = w - 14. Let n(s) = s**3 + 6*s**2 + 3*s + 2. List the prime factors of n(f).
2, 3
Suppose -2652 = -2*m + 3*b, -5*m = -4*m + 5*b - 1300. List the prime factors of m.
2, 3, 5, 11
Suppose 2*r + 339 + 49 = -z, -2*z = -5*r - 988. Let j = r - -276. List the prime factors of j.
2, 5
Let r(b) be the second derivative of -b**4/8 - 7*b**3/2 + 9*b**2/2 - 4*b. Let h(q) be the first derivative of r(q). What are the prime factors of h(-10)?
3
Let i(c) = 65*c**2 - 7*c - 17. List the prime factors of i(-4).
1051
Let l(r) = 3*r**2 - 4*r + 2. Let a be l(2). Suppose a = z + z. Suppose 0 = -5*d + 4*s + 50, -55 = -2*d - z*d + 3*s. What are the prime factors of d?
2, 7
List the prime factors of -65 + 59 - (1 + -563).
2, 139
List the prime factors of ((-1345 - 2) + -1)/(-15 + 13).
2, 337
Let h be (-4)/6 + 232/(-12). Let i = 17 + h. Let x = 36 + i. What are the prime factors of x?
3, 11
Let l be 8/10*(-95)/(-38). Suppose 0*k + 3*k - 2*g - 461 = 0, 0 = k + l*g - 151. What are the prime factors of k?
3, 17
Let m(q) = 4*q**2 + 73*q + 3. Let z be m(-18). Let g(f) = -f**2 - 22*f + 4. List the prime factors of g(z).
109
Suppose b = -62 + 361. List the prime factors of b.
13, 23
Suppose 2*c - 617 - 29 = 0. Suppose c = 10*r + 43. What are the prime factors of r?
2, 7
Let j(g) = 4*g**2 + 4*g + 7. What are the prime factors of j(12)?
631
List the prime factors of (397 + 5 + -1)/1.
401
Let j be (13/(-2))/(2/(-16)). Suppose -3*o + 6 = 3*m, -2*m + 4*o + 4 + 30 = 0. Suppose -6*r - j = -m*r. List the prime factors of r.
2, 13
Let i = -14 - -91. List the prime factors of i.
7, 11
Suppose -10*h + 140 = -8*h. Let r(x) = x**2 + 3*x + 8. Let o be r(-6). Let i = h - o. List the prime factors of i.
2, 11
Let u = -276 + 499. What are the prime factors of u?
223
Let k = 20 - 25. Let u(n) = n**2 + 9*n + 6. Let r be u(k). Let h = 35 + r. List the prime factors of h.
3, 7
Let m be 1/((-9)/462)*30/(-5). Let p = m - 203. What are the prime factors of p?
3, 5, 7
Suppose -4*t - 117 + 1973 = 0. List the prime factors of t.
2, 29
Let d = -11 - -13. Suppose p - 4*s = 52, 74 = d*p - 3*s + s. What are the prime factors of p?
2
List the prime factors of 4 + -2 + -8 + 1681.
5, 67
List the prime factors of ((-154)/56)/(4/(-5648)).
11, 353
Let g(d) = -d**2 - 15*d + 25. Let t be g(-17). What are the prime factors of -29*((-22)/18 + (-2)/t)?
29
Let b = 92 + 89. Suppose 2*y = p + b, -4*y + 3*p = -p - 372. What are the prime factors of y?
2, 11
Let z = 1 + 4. Suppose z*u + 8 = 33. Suppose -u*w - 2*c + 130 = 0, 0*w + 2*c = -w + 34. List the prime factors of w.
2, 3
Let s = -30 + 32. Suppose 10*c = s*c + 208. What are the prime factors of c?
2, 13
Let m(b) = 25*b + 18. Let f(y) = 2*y**3 + y**2 - 5*y - 4. Let p be f(-3). Let t(q) = -4*q - 3. Let g(j) = p*t(j) - 6*m(j). What are the prime factors of g(-5)?
2
Suppose -2*b - 2 = -5*k, -b = -5*k - 3*b + 18. Let y = 0 + k. Suppose 6*r - 2*r - 68 = 5*p, -y*p = 2*r - 34. List the prime factors of r.
17
Let n = 431 + 581. What are the prime factors of 3/(-2)*n/(-33)?
2, 23
Let r(t) = 97*t + 1289. What are the prime factors of r(54)?
61, 107
Suppose -b = -1 + 6, -n = b - 8. Suppose -p + 4*p - 159 = 0. Suppose 3*c - n = p. List the prime factors of c.
2, 11
Let i = -5612 - -9869. What are the prime factors of i?
3, 11, 43
What are the prime factors of 2110 - (28/11 - (-234)/(-429))?
2, 17, 31
Let m(z) = 3*z**2 + 18*z - 18. Let f(u) = 2*u**2 + 19*u - 18. Let l(t) = 4*f(t) - 3*m(t). What are the prime factors of l(8)?
2, 47
Suppose 2*h + 778 = 3*d + d, -4*d + 788 = -4*h. List the prime factors of d.
2, 3
Suppose -5*y = -8*y + 27.